ulate the remainder when 2307 is divided by 301.
200
Calculate the remainder when 28173 is divided by 20.
13
Calculate the remainder when 1455811 is divided by 24.
19
What is the remainder when 386214 is divided by 22?
4
Calculate the remainder when 633177 is divided by 71.
70
Calculate the remainder when 7533 is divided by 278.
27
Calculate the remainder when 74959 is divided by 149.
12
What is the remainder when 29629 is divided by 644?
5
Calculate the remainder when 11904 is divided by 5882.
140
Calculate the remainder when 244221 is divided by 576.
573
Calculate the remainder when 7728 is divided by 130.
58
What is the remainder when 47849 is divided by 31?
16
What is the remainder when 23337 is divided by 1166?
17
What is the remainder when 32827 is divided by 283?
282
Calculate the remainder when 96508 is divided by 24118.
36
Calculate the remainder when 79241 is divided by 6095.
6
What is the remainder when 471444 is divided by 27?
24
Calculate the remainder when 5588699 is divided by 50.
49
Calculate the remainder when 128470 is divided by 18352.
6
Calculate the remainder when 489115 is divided by 161.
158
What is the remainder when 23146 is divided by 1543?
1
What is the remainder when 896925 is divided by 277?
276
What is the remainder when 268539 is divided by 28?
19
Calculate the remainder when 5800 is divided by 1930.
10
What is the remainder when 1407 is divided by 206?
171
Calculate the remainder when 2405 is divided by 30.
5
Calculate the remainder when 2730 is divided by 2622.
108
What is the remainder when 135229 is divided by 41?
11
Calculate the remainder when 159466 is divided by 157.
111
Calculate the remainder when 3437 is divided by 1716.
5
Calculate the remainder when 9982 is divided by 1106.
28
What is the remainder when 2199 is divided by 364?
15
What is the remainder when 5740313 is divided by 99?
95
Calculate the remainder when 2590 is divided by 1630.
960
What is the remainder when 35702 is divided by 17847?
8
Calculate the remainder when 517023 is divided by 32.
31
Calculate the remainder when 5583 is divided by 2788.
7
What is the remainder when 1401 is divided by 962?
439
What is the remainder when 545 is divided by 107?
10
What is the remainder when 12445 is divided by 296?
13
What is the remainder when 9025377 is divided by 468?
465
Calculate the remainder when 50793 is divided by 102.
99
What is the remainder when 842202 is divided by 372?
366
What is the remainder when 6595 is divided by 127?
118
What is the remainder when 25460 is divided by 125?
85
What is the remainder when 257680 is divided by 1571?
36
What is the remainder when 9382 is divided by 35?
2
What is the remainder when 7216 is divided by 1436?
36
Calculate the remainder when 13549 is divided by 3960.
1669
What is the remainder when 99717 is divided by 17?
12
Calculate the remainder when 40111 is divided by 658.
631
Calculate the remainder when 35720 is divided by 17858.
4
Calculate the remainder when 727 is divided by 59.
19
What is the remainder when 12947 is divided by 491?
181
Calculate the remainder when 1584 is divided by 105.
9
Calculate the remainder when 1214911 is divided by 926.
925
What is the remainder when 193244 is divided by 22?
18
What is the remainder when 107687 is divided by 121?
118
Calculate the remainder when 3441 is divided by 1100.
141
What is the remainder when 36269 is divided by 14?
9
What is the remainder when 67528 is divided by 141?
130
Calculate the remainder when 2145 is divided by 184.
121
What is the remainder when 3772 is divided by 1507?
758
What is the remainder when 7019 is divided by 3296?
427
What is the remainder when 7002 is divided by 36?
18
What is the remainder when 635304 is divided by 29?
1
Calculate the remainder when 29309 is divided by 4175.
84
What is the remainder when 1419 is divided by 351?
15
Calculate the remainder when 49112 is divided by 51.
50
What is the remainder when 4477 is divided by 105?
67
Calculate the remainder when 16565 is divided by 413.
45
What is the remainder when 43813 is divided by 21903?
7
Calculate the remainder when 21174 is divided by 17.
9
What is the remainder when 6566 is divided by 752?
550
What is the remainder when 16694 is divided by 643?
619
What is the remainder when 59833 is divided by 178?
25
What is the remainder when 45591 is divided by 15162?
105
Calculate the remainder when 963 is divided by 120.
3
Calculate the remainder when 642040 is divided by 642030.
10
What is the remainder when 81511 is divided by 53?
50
What is the remainder when 657928 is divided by 910?
908
What is the remainder when 6319 is divided by 1052?
7
What is the remainder when 914 is divided by 37?
26
What is the remainder when 12684 is divided by 138?
126
What is the remainder when 43883 is divided by 47?
32
What is the remainder when 2751 is divided by 35?
21
What is the remainder when 38417 is divided by 77?
71
What is the remainder when 15428 is divided by 1927?
12
Calculate the remainder when 1293 is divided by 604.
85
What is the remainder when 3226 is divided by 135?
121
Calculate the remainder when 8085 is divided by 144.
21
Calculate the remainder when 60424 is divided by 54.
52
Calculate the remainder when 21023 is divided by 635.
68
What is the remainder when 123866 is divided by 4423?
22
Calculate the remainder when 8412 is divided by 24.
12
What is the remainder when 157907 is divided by 8310?
17
What is the remainder when 47526 is divided by 12?
6
Calculate the remainder when 58797 is divided by 168.
165
Calculate the remainder when 27304 is divided by 161.
95
What is the remainder when 664463 is divided by 50?
13
Calculate the remainder when 28952 is divided by 9643.
23
What is the remainder when 630188 is divided by 34?
32
Calculate the remainder when 47390 is divided by 11.
2
What is the remainder when 575559 is divided by 450?
9
Calculate the remainder when 1895 is divided by 940.
15
Calculate the remainder when 16470 is divided by 1029.
6
Calculate the remainder when 1415 is divided by 81.
38
What is the remainder when 93304 is divided by 3732?
4
Calculate the remainder when 6689 is divided by 82.
47
What is the remainder when 2837 is divided by 75?
62
Calculate the remainder when 7823 is divided by 2601.
20
Calculate the remainder when 1191357 is divided by 113.
111
What is the remainder when 11178 is divided by 372?
18
What is the remainder when 1524 is divided by 380?
4
What is the remainder when 8790 is divided by 3541?
1708
What is the remainder when 933 is divided by 37?
8
Calculate the remainder when 31554 is divided by 10511.
21
Calculate the remainder when 772475 is divided by 133.
11
What is the remainder when 53820 is divided by 207?
0
Calculate the remainder when 37918 is divided by 950.
868
Calculate the remainder when 13200 is divided by 213.
207
Calculate the remainder when 10582 is divided by 10560.
22
Calculate the remainder when 1204 is divided by 726.
478
What is the remainder when 30896 is divided by 295?
216
What is the remainder when 3210 is divided by 453?
39
What is the remainder when 72131 is divided by 988?
7
Calculate the remainder when 3589 is divided by 3580.
9
Calculate the remainder when 125358 is divided by 11395.
13
What is the remainder when 3754 is divided by 3748?
6
What is the remainder when 36821 is divided by 36768?
53
Calculate the remainder when 119590 is divided by 29896.
6
Calculate the remainder when 23469 is divided by 23469.
0
Calculate the remainder when 9953 is divided by 243.
233
What is the remainder when 82079 is divided by 216?
215
What is the remainder when 68769 is divided by 5289?
12
What is the remainder when 3899 is divided by 973?
7
Calculate the remainder when 1526 is divided by 117.
5
What is the remainder when 29578 is divided by 229?
37
Calculate the remainder when 465551 is divided by 18.
17
What is the remainder when 462310 is divided by 139?
135
Calculate the remainder when 65553 is divided by 437.
3
Calculate the remainder when 750 is divided by 390.
360
Calculate the remainder when 375183 is divided by 589.
579
What is the remainder when 335563 is divided by 13?
7
What is the remainder when 79567 is divided by 26522?
1
Calculate the remainder when 127628 is divided by 818.
20
What is the re